g + 252, 7*c - 2*g - 280 = 5*c. What is the units digit of c?
6
Let g(j) = -j + 42. Suppose -20 - 22 = -7*b. What is the units digit of g(b)?
6
Let r be 33/(-5)*(-15)/3. Suppose i - r = -0*i. Suppose 4*j + 4*k = -0*k + 52, -i = -2*j + 5*k. What is the units digit of j?
4
Suppose c - 15 = -4*c. Suppose c*z = -2*p + 4*z + 52, 0 = -5*p + 5*z + 140. What is the units digit of (9/1)/(p/32)?
2
Let o(c) = 2*c - 8. Let t be o(4). Let k(j) = -j + 0*j - j + j + 29. What is the tens digit of k(t)?
2
Suppose -4*m = -h + 333, 4*h - 5*m = -7*m + 1296. What is the units digit of h?
5
Let t(d) be the third derivative of 3*d**5/20 + d**4/24 - d**3/2 - d**2 + 2. What is the tens digit of t(-4)?
3
Let x be ((-48)/56)/((-6)/28). Suppose 244 = x*q - 4*m, 66 - 228 = -3*q - 4*m. What is the units digit of q?
8
Suppose -2*j = -t - 1983, 1805 + 2152 = 4*j + t. What is the units digit of j?
0
Let g = -282 + 563. What is the tens digit of g?
8
Let h = 207 - 145. Let p be 1 + 0 - (15 - 2). Let f = h + p. What is the units digit of f?
0
Let m be (-15)/(-10) + 1/2. Suppose 8*a = m*a + 30. Suppose -a*y = -131 - 9. What is the tens digit of y?
2
Let j be (4/24)/((-2)/20)*-3. Suppose 0 = -4*w - 16, -j*f - 4*w + 105 + 34 = 0. What is the tens digit of f?
3
Suppose -2*b + 819 = 7*b. Suppose 2*f = 2*k + 88, f + f - 5*k = b. What is the tens digit of f?
4
Suppose 20500 = 21*r - 4175. What is the units digit of r?
5
What is the tens digit of 3*10 + (-22 + -3)/(-5)?
3
Let r = 237 + 90. What is the tens digit of r?
2
Let g(d) = -5*d**3 - 21*d**2 + 17*d + 22. What is the hundreds digit of g(-10)?
7
Let d = 61 - 45. Let f = d + 0. What is the tens digit of f?
1
Let r(p) be the second derivative of -p**6/120 - p**5/60 + p**4/24 + p**2/2 + 5*p. Let n(t) be the first derivative of r(t). What is the tens digit of n(-3)?
1
Suppose 3*s + 11 = -0*s + 4*t, 2*s = -t - 11. Let u = 175 - s. What is the units digit of u?
0
Suppose 0 = 5*c - 3*g - 14, 0 = -5*c - 0*g - 4*g + 28. Suppose -5*b = -n - 1, -c*b + 0*n = n + 1. Suppose 5*q + 3 - 18 = b. What is the units digit of q?
3
Suppose 4*v + k = -3*k + 20, 5*k = -v + 25. Suppose -2*l + 12 + v = 0. Suppose 0 = -5*i - h + 177, 4*h = 2 + l. What is the units digit of i?
5
Let t(n) = 50*n - 4. Suppose 4*j = f, 4*j = -3*f + 2*f + 8. What is the tens digit of t(j)?
4
Suppose -3*c - 2*c + 1425 = 3*r, 0 = 2*c - r - 570. What is the hundreds digit of c?
2
What is the hundreds digit of 9*-1*106*(-26)/78?
3
Suppose z - 2*z + 49 = -2*i, 4*i + 139 = 3*z. Suppose -431 - 44 = -3*t - 2*r, 631 = 4*t + 5*r. Suppose -2*k - z = -t. What is the tens digit of k?
5
Suppose -3*q + 11 + 34 = 0. Let g = q + -12. Suppose g*f - 2*z - 5 = 0, -3*f + f = 4*z - 30. What is the units digit of f?
5
Suppose -2*z + 21357 = 19*z. What is the tens digit of z?
1
Let u(k) = 25*k + 322. What is the tens digit of u(0)?
2
Suppose -j - 3*h + 2435 = 0, -j - 2*h = -2247 - 190. What is the hundreds digit of j?
4
Let z(t) = -t**3 - 3*t**2 + 5*t - 11. What is the units digit of z(-5)?
4
Let d = -39 - -155. Suppose 0 = -3*z - 6, 4*z + 0*z = o - d. What is the units digit of o?
8
Suppose 16*n - 56 = -8. Suppose -4*k + 431 = n*b, k + 2*b = -4*k + 530. What is the tens digit of k?
0
What is the tens digit of 158*11/22*(-1)/(-1)?
7
Suppose -10*l = 7*l - 187. What is the units digit of l?
1
Let v(j) = -54*j - 17. Let n be v(3). Let i = -83 - n. What is the tens digit of i?
9
Suppose -28*s + 120612 = 18*s. What is the thousands digit of s?
2
Suppose 368 = g - 3*q, -4*g + 4*q - 1392 = -8*g. What is the tens digit of g?
5
Let p = 27 - 25. Let l(z) = 4*z**3 - 2*z**2 - z + 1. Let u be l(p). Suppose -m = 5*d - u, -3*m - 2*d + 15 = -28. What is the tens digit of m?
1
Suppose -8 = 2*s - 6*s. Suppose 3*j + 3*c - 21 = 0, -c - s*c - 3 = -5*j. Suppose -2*d + 24 = -j*k - 77, -2*k + 210 = 4*d. What is the tens digit of d?
5
Suppose 41*b = 36*b + 5810. Suppose -195 = -w - 4*p + 104, 0 = -4*w + p + b. What is the hundreds digit of w?
2
Suppose 16*d - 5781 = -437. What is the units digit of d?
4
Let m(y) = -104*y - 119. What is the units digit of m(-14)?
7
Let h(q) = 34*q - 35. Let p be h(17). Suppose -5*m + 5*b + 1043 = 128, 3*m = b + p. What is the tens digit of m?
8
Suppose 5*o - 1168 = -4*r, 23*r - 25*r + 558 = -4*o. What is the units digit of r?
7
Let q(a) be the first derivative of a**3/3 - a**2/2 - 2*a + 8. What is the tens digit of q(4)?
1
Let b = -152 - -342. Suppose 5*x - b - 125 = 0. What is the units digit of x?
3
Suppose 4*o = -p + 342, 5*p - 251 = -4*o + 83. Let t = o + 22. What is the tens digit of t?
0
What is the units digit of 3366/340 - (-1)/10?
0
Let m = -16 - 2. Let q = m - -25. Suppose 9 = 4*w - q. What is the units digit of w?
4
Let k = 6 - 33. Let f = -116 + 169. Let c = f + k. What is the units digit of c?
6
Let w(m) = -m**3 - 14*m**2 - 28*m + 7. Let t be w(-13). Suppose -3*k = -2*s + 201, s + s = 2*k + t. What is the tens digit of s?
0
Let q(t) = -3*t + 2. Let k be q(6). Let m = 6 - k. Suppose o = -4*d + 24, 2*o + 4*d - m = 30. What is the units digit of o?
8
Let r(z) be the second derivative of -7*z**3/6 - 6*z**2 + 4*z. What is the tens digit of r(-10)?
5
Suppose -1194 = -4*b + 1002. What is the units digit of b/8 + (-69)/(-184)?
9
Let u = 10 + -37. Suppose 3*d - 59 = -c, c + d - 209 = -2*c. Let s = u + c. What is the units digit of s?
4
What is the units digit of 26/(-91) - (52056/(-14) - 0)?
8
Suppose 2*p = 4*r + 8 - 0, -4 = r - p. Let t(h) = h**2 - 4*h - 2. Let n be t(5). Suppose 4*o - 37 = -2*l - l, o + n*l - 16 = r. What is the units digit of o?
7
Let f = 3566 - 1101. What is the units digit of f?
5
Let j(d) = d**3 + 2*d**2 - 3*d. Let a be j(-3). Let c = a - -1. Suppose -2*r = -3 + c. What is the units digit of r?
1
What is the hundreds digit of (-28924)/(-63) + 6 - 1/9?
4
Let i(w) = 38*w + 12. Let q be i(-6). Let y be q*(-2 + (-3)/(-2)). Suppose 4*v + 0*s = 4*s + y, 5*v - 135 = -4*s. What is the tens digit of v?
2
Let n = -18 + 26. Suppose -n = q - 38. What is the tens digit of q?
3
Suppose 0*d - 4*d = 0. Suppose -c = 4*l - d*c - 152, -c + 78 = 2*l. Let x = 58 - l. What is the tens digit of x?
2
Let m(i) = 9*i**2 - i + 9. What is the tens digit of m(8)?
7
Suppose -3*i = -i. Let a(z) = -z**2 + 18. What is the units digit of a(i)?
8
Let w be (-2 - 33/(-18))*-30. What is the units digit of (-48)/(-12) + ((-6)/(-3) - w)?
1
Let w be 14/(-4) - (-2)/(-4). Let y(q) be the first derivative of q**4/4 + 4*q**3/3 - q**2 + 4*q + 81. What is the units digit of y(w)?
2
Let m = 13 + -9. Suppose 2*f - 4*i + 3*i - 142 = 0, 5*f + m*i = 381. What is the tens digit of f?
7
Let g(k) = 15*k - 44. Let o(v) = v + 1. Let z(h) = g(h) + 4*o(h). Let f(j) = -6*j + 13. Let r(s) = 7*f(s) + 2*z(s). What is the units digit of r(-10)?
1
Let t(u) = u**2 + u + 22. Let m = 10 - 8. Let x(b) = b**3 - b**2 - 2*b. Let c be x(m). What is the units digit of t(c)?
2
What is the units digit of 1 + 201 - 24/(-84)*7?
4
Let f = 7 - 4. Suppose q = 4*k - 625, -f*q - 317 = -2*k + 2*q. What is the hundreds digit of k?
1
What is the units digit of 0/(-4) - 1 - -31?
0
Let w be (-6)/2*(9 - 8)*11. What is the units digit of (-6*w/12)/(2/4)?
3
Let z = -303 + 162. Let n = z + 255. What is the units digit of n?
4
Suppose -h = -3*x - 268, 5*x = -4*h - 0*h - 424. Suppose 4*t - 68 = -n + 39, t = -5. Let j = n + x. What is the units digit of j?
9
Let r = 13 + 11. What is the units digit of 404/r + 1/6?
7
Suppose -5*w + 36 = w. Suppose 0 = -w*d - 2*d - 208. Let k = 43 + d. What is the tens digit of k?
1
Suppose 2*n - 4 = -0*n. Suppose 4*v - 6 = -n*h, -2*h + h - 1 = 0. Suppose -10 = v*a - 54. What is the tens digit of a?
2
Suppose -3*w - 26 = 4. Let k be 16/w*5/(-2). Suppose 103 = 4*i - 2*s + 5*s, -5*i + 152 = -k*s. What is the tens digit of i?
2
Suppose -3*g = -6 - 3. Suppose g*r - 13 = 50. Let y = 34 + r. What is the tens digit of y?
5
Let p(w) = -2*w**2 + 14*w + 4. Let y be p(7). Let l(g) = 25*g - 15. What is the units digit of l(y)?
5
Suppose 3*n - n + 4*v - 242 = 0, 5*v - 10 = 0. What is the tens digit of n?
1
Let v be (-5)/(-2) + -6 + (-44)/(-8). Suppose 4*f - v*f = 94. What is the tens digit of f?
4
Suppose -4*x + 4*r = -8, -2*x - x + 30 = 5*r. Suppose 0 = -5*j - 3*y + 173, y - 189 = -4*j - 52. Suppose -j - 31 = -x*a. What is the tens digi